[INFO] cloning repository https://github.com/Jerome-M-StMartin/goblin-rl
[INFO] running `Command { std: "git" "-c" "credential.helper=" "-c" "credential.helper=/workspace/cargo-home/bin/git-credential-null" "clone" "--bare" "https://github.com/Jerome-M-StMartin/goblin-rl" "/workspace/cache/git-repos/https%3A%2F%2Fgithub.com%2FJerome-M-StMartin%2Fgoblin-rl", kill_on_drop: false }`
[INFO] [stderr] Cloning into bare repository '/workspace/cache/git-repos/https%3A%2F%2Fgithub.com%2FJerome-M-StMartin%2Fgoblin-rl'...
[INFO] running `Command { std: "git" "rev-parse" "HEAD", kill_on_drop: false }`
[INFO] [stdout] 7dbdf94797c6cddef181a015a5c83d9bc3862bae
[INFO] checking Jerome-M-StMartin/goblin-rl against master#e6e4f7ed1589e03bc2f6c5931c1a72e7947e8682 for beta-170-4
[INFO] running `Command { std: "git" "clone" "/workspace/cache/git-repos/https%3A%2F%2Fgithub.com%2FJerome-M-StMartin%2Fgoblin-rl" "/workspace/builds/worker-5-tc2/source", kill_on_drop: false }`
[INFO] [stderr] Cloning into '/workspace/builds/worker-5-tc2/source'...
[INFO] [stderr] done.
[INFO] validating manifest of git repo https://github.com/Jerome-M-StMartin/goblin-rl on toolchain e6e4f7ed1589e03bc2f6c5931c1a72e7947e8682
[INFO] running `Command { std: CARGO_HOME="/workspace/cargo-home" RUSTUP_HOME="/workspace/rustup-home" "/workspace/cargo-home/bin/cargo" "+e6e4f7ed1589e03bc2f6c5931c1a72e7947e8682" "metadata" "--manifest-path" "Cargo.toml" "--no-deps", kill_on_drop: false }`
[INFO] started tweaking git repo https://github.com/Jerome-M-StMartin/goblin-rl
[INFO] finished tweaking git repo https://github.com/Jerome-M-StMartin/goblin-rl
[INFO] tweaked toml for git repo https://github.com/Jerome-M-StMartin/goblin-rl written to /workspace/builds/worker-5-tc2/source/Cargo.toml
[INFO] crate git repo https://github.com/Jerome-M-StMartin/goblin-rl already has a lockfile, it will not be regenerated
[INFO] running `Command { std: CARGO_HOME="/workspace/cargo-home" RUSTUP_HOME="/workspace/rustup-home" "/workspace/cargo-home/bin/cargo" "+e6e4f7ed1589e03bc2f6c5931c1a72e7947e8682" "fetch" "--manifest-path" "Cargo.toml", kill_on_drop: false }`
[INFO] running `Command { std: "docker" "create" "-v" "/var/lib/crater-agent-workspace/builds/worker-5-tc2/target:/opt/rustwide/target:rw,Z" "-v" "/var/lib/crater-agent-workspace/builds/worker-5-tc2/source:/opt/rustwide/workdir:ro,Z" "-v" "/var/lib/crater-agent-workspace/cargo-home:/opt/rustwide/cargo-home:ro,Z" "-v" "/var/lib/crater-agent-workspace/rustup-home:/opt/rustwide/rustup-home:ro,Z" "-e" "SOURCE_DIR=/opt/rustwide/workdir" "-e" "CARGO_TARGET_DIR=/opt/rustwide/target" "-e" "CARGO_HOME=/opt/rustwide/cargo-home" "-e" "RUSTUP_HOME=/opt/rustwide/rustup-home" "-w" "/opt/rustwide/workdir" "-m" "1610612736" "--user" "0:0" "--network" "none" "ghcr.io/rust-lang/crates-build-env/linux@sha256:19e73879b68f455e41552ea35293514db52ea292d993f571636dbffedb77a1ee" "/opt/rustwide/cargo-home/bin/cargo" "+e6e4f7ed1589e03bc2f6c5931c1a72e7947e8682" "metadata" "--no-deps" "--format-version=1", kill_on_drop: false }`
[INFO] [stdout] 9aff4ae15c9f647d75edd670cf979366c25e20457ee89fd17a6d35012fb0c5f6
[INFO] running `Command { std: "docker" "start" "-a" "9aff4ae15c9f647d75edd670cf979366c25e20457ee89fd17a6d35012fb0c5f6", kill_on_drop: false }`
[INFO] running `Command { std: "docker" "inspect" "9aff4ae15c9f647d75edd670cf979366c25e20457ee89fd17a6d35012fb0c5f6", kill_on_drop: false }`
[INFO] running `Command { std: "docker" "rm" "-f" "9aff4ae15c9f647d75edd670cf979366c25e20457ee89fd17a6d35012fb0c5f6", kill_on_drop: false }`
[INFO] [stdout] 9aff4ae15c9f647d75edd670cf979366c25e20457ee89fd17a6d35012fb0c5f6
[INFO] running `Command { std: "docker" "create" "-v" "/var/lib/crater-agent-workspace/builds/worker-5-tc2/target:/opt/rustwide/target:rw,Z" "-v" "/var/lib/crater-agent-workspace/builds/worker-5-tc2/source:/opt/rustwide/workdir:ro,Z" "-v" "/var/lib/crater-agent-workspace/cargo-home:/opt/rustwide/cargo-home:ro,Z" "-v" "/var/lib/crater-agent-workspace/rustup-home:/opt/rustwide/rustup-home:ro,Z" "-e" "SOURCE_DIR=/opt/rustwide/workdir" "-e" "CARGO_TARGET_DIR=/opt/rustwide/target" "-e" "CARGO_INCREMENTAL=0" "-e" "RUST_BACKTRACE=full" "-e" "RUSTFLAGS=--cap-lints=forbid" "-e" "RUSTDOCFLAGS=--cap-lints=forbid" "-e" "CARGO_HOME=/opt/rustwide/cargo-home" "-e" "RUSTUP_HOME=/opt/rustwide/rustup-home" "-w" "/opt/rustwide/workdir" "-m" "1610612736" "--user" "0:0" "--network" "none" "ghcr.io/rust-lang/crates-build-env/linux@sha256:19e73879b68f455e41552ea35293514db52ea292d993f571636dbffedb77a1ee" "/opt/rustwide/cargo-home/bin/cargo" "+e6e4f7ed1589e03bc2f6c5931c1a72e7947e8682" "check" "--frozen" "--all" "--all-targets" "--message-format=json", kill_on_drop: false }`
[INFO] [stdout] 13031fa85800fb67693b71389ecabc7ebf5d2358094be7a3f1905b5a2143af23
[INFO] running `Command { std: "docker" "start" "-a" "13031fa85800fb67693b71389ecabc7ebf5d2358094be7a3f1905b5a2143af23", kill_on_drop: false }`
[INFO] [stderr]    Compiling crossbeam-utils v0.8.8
[INFO] [stderr]    Compiling libc v0.2.126
[INFO] [stderr]    Compiling memchr v2.5.0
[INFO] [stderr]    Compiling syn v1.0.95
[INFO] [stderr]    Compiling nom v5.1.2
[INFO] [stderr]    Compiling signal-hook v0.3.14
[INFO] [stderr]    Compiling parking_lot_core v0.9.3
[INFO] [stderr]     Checking once_cell v1.12.0
[INFO] [stderr]    Compiling serde v1.0.137
[INFO] [stderr]     Checking mopa v0.2.2
[INFO] [stderr]     Checking atom v0.3.6
[INFO] [stderr]     Checking tuple_utils v0.3.0
[INFO] [stderr]     Checking shrev v1.1.1
[INFO] [stderr]     Checking getrandom v0.2.6
[INFO] [stderr]     Checking crossbeam-epoch v0.9.8
[INFO] [stderr]     Checking num_cpus v1.13.1
[INFO] [stderr]     Checking crossbeam-channel v0.5.4
[INFO] [stderr]     Checking signal-hook-registry v1.4.0
[INFO] [stderr]     Checking mio v0.8.3
[INFO] [stderr]     Checking ahash v0.7.6
[INFO] [stderr]     Checking rand_core v0.6.3
[INFO] [stderr]     Checking parking_lot v0.12.0
[INFO] [stderr]     Checking rand_chacha v0.3.1
[INFO] [stderr]     Checking crossbeam-deque v0.8.1
[INFO] [stderr]     Checking hashbrown v0.11.2
[INFO] [stderr]     Checking crossbeam-queue v0.3.5
[INFO] [stderr]     Checking signal-hook-mio v0.2.3
[INFO] [stderr]     Checking rayon-core v1.9.3
[INFO] [stderr]     Checking rand v0.8.5
[INFO] [stderr]     Checking crossterm v0.23.2
[INFO] [stderr]     Checking rayon v1.5.3
[INFO] [stderr]    Compiling serde_derive v1.0.137
[INFO] [stderr]    Compiling specs-derive v0.4.1
[INFO] [stderr]     Checking tynm v0.1.6
[INFO] [stderr]     Checking hibitset v0.6.3
[INFO] [stderr]     Checking shred v0.12.0
[INFO] [stderr]     Checking specs v0.17.0
[INFO] [stderr]     Checking goblin_rl v0.2.0 (/opt/rustwide/workdir)
[INFO] [stdout] error[E0412]: cannot find type `Coords` in this scope
[INFO] [stdout]   --> src/gameworld/entities/mod.rs:12:69
[INFO] [stdout]    |
[INFO] [stdout] 12 | pub(crate) fn build_player_entity(ecs: &mut specs::World, spawn_at: Coords) -> Entity {
[INFO] [stdout]    |                                                                     ^^^^^^ not found in this scope
[INFO] [stdout]    |
[INFO] [stdout] help: consider importing this struct
[INFO] [stdout]    |
[INFO] [stdout] 9  + use crate::common::Coords;
[INFO] [stdout]    |
[INFO] [stdout] 
[INFO] [stdout] 
[INFO] [stdout] error[E0423]: cannot initialize a tuple struct which contains private fields
[INFO] [stdout]   --> src/gameworld/entities/mod.rs:16:15
[INFO] [stdout]    |
[INFO] [stdout] 16 |         .with(Position(spawn_at))
[INFO] [stdout]    |               ^^^^^^^^
[INFO] [stdout]    |
[INFO] [stdout] note: constructor is not visible here due to private fields
[INFO] [stdout]   --> src/gameworld/components/mod.rs:24:21
[INFO] [stdout]    |
[INFO] [stdout] 24 | pub struct Position(Coords);
[INFO] [stdout]    |                     ^^^^^^ private field
[INFO] [stdout] help: consider making the field publicly accessible
[INFO] [stdout]   --> src/gameworld/components/mod.rs:24:21
[INFO] [stdout]    |
[INFO] [stdout] 24 | pub struct Position(pub Coords);
[INFO] [stdout]    |                     +++
[INFO] [stdout] help: consider importing this unit variant instead
[INFO] [stdout]    |
[INFO] [stdout] 9  + use crate::ecs_access_point::AccessKey::Position;
[INFO] [stdout]    |
[INFO] [stdout] 
[INFO] [stdout] 
[INFO] [stdout] warning: unused import: `Component`
[INFO] [stdout]  --> src/gameworld/entities/mod.rs:9:13
[INFO] [stdout]   |
[INFO] [stdout] 9 | use specs::{Component, Entity};
[INFO] [stdout]   |             ^^^^^^^^^
[INFO] [stdout]   |
[INFO] [stdout]   = note: `#[warn(unused_imports)]` on by default
[INFO] [stdout] 
[INFO] [stdout] 
[INFO] [stdout] error[E0412]: cannot find type `Coords` in this scope
[INFO] [stdout]   --> src/gameworld/entities/mod.rs:12:69
[INFO] [stdout]    |
[INFO] [stdout] 12 | pub(crate) fn build_player_entity(ecs: &mut specs::World, spawn_at: Coords) -> Entity {
[INFO] [stdout]    |                                                                     ^^^^^^ not found in this scope
[INFO] [stdout]    |
[INFO] [stdout] help: consider importing this struct
[INFO] [stdout]    |
[INFO] [stdout] 9  + use crate::common::Coords;
[INFO] [stdout]    |
[INFO] [stdout] 
[INFO] [stdout] 
[INFO] [stdout] error[E0423]: cannot initialize a tuple struct which contains private fields
[INFO] [stdout]   --> src/gameworld/entities/mod.rs:16:15
[INFO] [stdout]    |
[INFO] [stdout] 16 |         .with(Position(spawn_at))
[INFO] [stdout]    |               ^^^^^^^^
[INFO] [stdout]    |
[INFO] [stdout] note: constructor is not visible here due to private fields
[INFO] [stdout]   --> src/gameworld/components/mod.rs:24:21
[INFO] [stdout]    |
[INFO] [stdout] 24 | pub struct Position(Coords);
[INFO] [stdout]    |                     ^^^^^^ private field
[INFO] [stdout] help: consider making the field publicly accessible
[INFO] [stdout]   --> src/gameworld/components/mod.rs:24:21
[INFO] [stdout]    |
[INFO] [stdout] 24 | pub struct Position(pub Coords);
[INFO] [stdout]    |                     +++
[INFO] [stdout] help: consider importing this unit variant instead
[INFO] [stdout]    |
[INFO] [stdout] 9  + use crate::ecs_access_point::AccessKey::Position;
[INFO] [stdout]    |
[INFO] [stdout] 
[INFO] [stdout] 
[INFO] [stdout] warning: unused import: `Component`
[INFO] [stdout]  --> src/gameworld/entities/mod.rs:9:13
[INFO] [stdout]   |
[INFO] [stdout] 9 | use specs::{Component, Entity};
[INFO] [stdout]   |             ^^^^^^^^^
[INFO] [stdout]   |
[INFO] [stdout]   = note: `#[warn(unused_imports)]` on by default
[INFO] [stdout] 
[INFO] [stdout] 
[INFO] [stdout] error[E0599]: no method named `create_entity` found for mutable reference `&mut World` in the current scope
[INFO] [stdout]   --> src/gameworld/entities/mod.rs:14:10
[INFO] [stdout]    |
[INFO] [stdout] 13 | /     ecs
[INFO] [stdout] 14 | |         .create_entity()
[INFO] [stdout]    | |         -^^^^^^^^^^^^^ method not found in `&mut World`
[INFO] [stdout]    | |_________|
[INFO] [stdout]    | 
[INFO] [stdout]    |
[INFO] [stdout]    = help: items from traits can only be used if the trait is in scope
[INFO] [stdout] help: the following trait is implemented but not in scope; perhaps add a `use` for it:
[INFO] [stdout]    |
[INFO] [stdout] 9  + use specs::WorldExt;
[INFO] [stdout]    |
[INFO] [stdout] 
[INFO] [stdout] 
[INFO] [stdout] error: aborting due to 3 previous errors; 1 warning emitted
[INFO] [stdout] 
[INFO] [stdout] 
[INFO] [stdout] Some errors have detailed explanations: E0412, E0423, E0599.
[INFO] [stdout] 
[INFO] [stdout] For more information about an error, try `rustc --explain E0412`.
[INFO] [stdout] 
[INFO] [stderr] error: could not compile `goblin_rl` (bin "goblin_rl") due to 4 previous errors; 1 warning emitted
[INFO] [stderr] warning: build failed, waiting for other jobs to finish...
[INFO] [stdout] error[E0599]: no method named `create_entity` found for mutable reference `&mut World` in the current scope
[INFO] [stdout]   --> src/gameworld/entities/mod.rs:14:10
[INFO] [stdout]    |
[INFO] [stdout] 13 | /     ecs
[INFO] [stdout] 14 | |         .create_entity()
[INFO] [stdout]    | |         -^^^^^^^^^^^^^ method not found in `&mut World`
[INFO] [stdout]    | |_________|
[INFO] [stdout]    | 
[INFO] [stdout]    |
[INFO] [stdout]    = help: items from traits can only be used if the trait is in scope
[INFO] [stdout] help: the following trait is implemented but not in scope; perhaps add a `use` for it:
[INFO] [stdout]    |
[INFO] [stdout] 9  + use specs::WorldExt;
[INFO] [stdout]    |
[INFO] [stdout] 
[INFO] [stdout] 
[INFO] [stdout] error: aborting due to 3 previous errors; 1 warning emitted
[INFO] [stdout] 
[INFO] [stdout] 
[INFO] [stdout] Some errors have detailed explanations: E0412, E0423, E0599.
[INFO] [stdout] 
[INFO] [stdout] For more information about an error, try `rustc --explain E0412`.
[INFO] [stdout] 
[INFO] [stderr] error: could not compile `goblin_rl` (bin "goblin_rl" test) due to 4 previous errors; 1 warning emitted
[INFO] running `Command { std: "docker" "inspect" "13031fa85800fb67693b71389ecabc7ebf5d2358094be7a3f1905b5a2143af23", kill_on_drop: false }`
[INFO] running `Command { std: "docker" "rm" "-f" "13031fa85800fb67693b71389ecabc7ebf5d2358094be7a3f1905b5a2143af23", kill_on_drop: false }`
[INFO] [stdout] 13031fa85800fb67693b71389ecabc7ebf5d2358094be7a3f1905b5a2143af23
